remainder when k(-4) is divided by 4.
3
Suppose -4*s = 2*b - 82, -13*s + 18*s = 3*b + 119. Calculate the remainder when 49 is divided by s.
5
Let c(m) = -5*m + 1. Let d be c(6). Let f(p) = 2*p**3 - 3*p**2 - 1. Let j be f(4). Let q = j + d. What is the remainder when q is divided by 13?
11
Let u(d) = d**3 + 17*d**2 + 28*d - 23. What is the remainder when 109 is divided by u(-15)?
4
Let c = 1274 - 1268. What is the remainder when 237 is divided by c?
3
Let z(o) = -6*o - 17. Let l be z(-19). Let t = -76 + l. Calculate the remainder when 187 is divided by t.
19
Suppose -3*r - 4 + 19 = 0. Let w = r + 0. Let t = 474 + -466. Calculate the remainder when t is divided by w.
3
Let b(w) = 4*w**3 + 2*w**2 - 1. Let t be b(1). Suppose 0 = -t*h - x + 94, x = 2*h - 20 - 12. Calculate the remainder when 16/(-72) + 1318/h is divided by 25.
23
What is the remainder when 1*(72 + -4 - 2 - -2) is divided by 26?
16
Let w(k) = -52*k - 107. Calculate the remainder when 244 is divided by w(-3).
48
Let a(u) = 3*u + 6*u + 19 - 5*u. Calculate the remainder when a(11) is divided by 13.
11
Suppose -2*x + 75 = 3*l - 196, 5*x = -3*l + 277. Suppose 0 = 5*g - 5*i - 140, -5*g - 2*i + l + 51 = 0. Calculate the remainder when 82 is divided by g.
26
Let f(d) = -24*d - 1. Let s = 1 + -2. Let m(n) = -443*n + 39959. Calculate the remainder when m(90) is divided by f(s).
20
Let l(k) be the first derivative of k**3/3 + 3*k**2/2 - 3*k - 7. Let a be l(-3). Let x = 8 + a. Calculate the remainder when 17 is divided by x.
2
Calculate the remainder when 49 is divided by -12 + 10 - -1 - (-14)/1.
10
Let b be 6/((-2)/(134/(-3))). Let j = -108 + b. What is the remainder when 49 is divided by j?
23
Let p be ((-57)/(-9) - 1)*6. Let r = 61 - p. Let u = -44 - -129. Calculate the remainder when u is divided by r.
27
What is the remainder when (1/((-2)/4))/(3/(-108)) is divided by 11?
6
Let l = -7 - -33. Suppose -5*p = 0, -4*p + 2 = m - 9. What is the remainder when l is divided by m?
4
Suppose a = -3, -3*k + 4*a - 109 = -256. What is the remainder when 307 is divided by k?
37
Suppose 0 = -0*u + u - 7. Suppose 3*k - 48 = u*k. Calculate the remainder when 59 is divided by (5/(-2))/(2/k).
14
Let p = 162 - 111. Suppose -6*q + p = 3. What is the remainder when 9 is divided by q?
1
Let n(w) = 6*w - 1. Let v be n(1). Let s be 24/(-10)*25/v. What is the remainder when (180/s)/((-1)/3) is divided by 16?
13
Suppose 20 = 11*d - 7*d. Suppose -d*a + 7 = -18. What is the remainder when (-3)/(-5)*(47 + -12) is divided by a?
1
Suppose -4*p = -4, 11*g - 3*p = 12*g - 112. What is the remainder when g is divided by 45?
19
Let f(c) = -27*c - 98. Let w = -48 - -105. Calculate the remainder when w is divided by f(-4).
7
Suppose 3*y - 38 = 5*i, -3*y = -2*y - 2*i - 13. Let z = 369 - 223. Suppose 8*d - z = 14. Calculate the remainder when d is divided by y.
9
What is the remainder when 3/((0 - 6/(-165))/(26/39)) is divided by (1 - 1) + 3 + 12?
10
Suppose 5*q - 966 = 4*g, 579 = -12*q + 15*q - 3*g. Calculate the remainder when q is divided by 49.
47
Suppose 5*q + 85 = f, f + 5*q = 172 - 127. Calculate the remainder when f is divided by 48.
17
Suppose -6 = -3*g, 8*c - 4*c - 8 = 4*g. Suppose -2*i = -2*p + 4, 5*i = -2*p - 1 + 19. What is the remainder when c is divided by i?
0
Let t be (3/6)/(1/(-2)). What is the remainder when (-8 + 4 - -5)/(t/(-24)) is divided by (-1)/3 + 86/6?
10
Suppose z + 184 = 4*v, 2*v - 118 + 40 = -3*z. What is the remainder when 222 is divided by v?
42
Suppose 28*p + 164 = 32*p. Calculate the remainder when 157 is divided by p.
34
Let z(v) = 32*v + 3. Let r be z(6). What is the remainder when 167 is divided by (r/(-12) - -2)/(3/(-12))?
53
Suppose r - 3*h = 323, 4*r + 4*h = 523 + 769. Calculate the remainder when r is divided by 36.
35
Let k(o) = -o**3 + 9*o**2 + 11*o - 3. Suppose -3*a + 59 = 5*y, 3*y + 0 = 5*a + 15. Calculate the remainder when y is divided by k(10).
3
Suppose 4*c = 28 + 20. Let g(r) = 4*r - c*r + 9*r. Calculate the remainder when 24 is divided by g(9).
6
Let y be 6/4*(-20)/(-3). Calculate the remainder when -12*((-65)/y + 2) is divided by 14.
12
Let t = 547 + -483. Calculate the remainder when 68 is divided by t.
4
Suppose 120 = -78*d + 4176. What is the remainder when 204 is divided by d?
48
Suppose 2*b - 5*j = -b - 229, 0 = 4*j - 8. Let k = b - -94. Calculate the remainder when k is divided by 6.
3
Suppose -2*p + 32 + 12 = 0. Let r = 274 - 243. Let m = r - p. What is the remainder when 34 is divided by m?
7
Let s(r) = 184*r - 2. Let j be s(-1). Let u = -62 - j. What is the remainder when u is divided by 25?
24
Let j(w) = -w - 21. Let q(d) = 4*d + 83. Let f(u) = -9*j(u) - 2*q(u). Let h be f(-12). Let t = 23 - h. What is the remainder when t is divided by 7?
5
Let i(a) = 11*a - 6*a + 5*a + 4. Calculate the remainder when i(4) is divided by 24.
20
Let c be (25/10)/((-10)/(-8)). Suppose -2*t + 24 = c*t. Suppose -n + t = -j - 0*j, 0 = 2*n + j - 9. Calculate the remainder when 19 is divided by n.
4
Suppose 4*b + 3*k = 82, 0 = -3*b + 5*k - 10*k + 56. What is the remainder when 85 is divided by b?
19
Let v be (-26)/4 + 21/14. Let x be (v/(-1))/((-85)/(-34)). Suppose -1 - 2 = 3*h, -14 = -r + x*h. Calculate the remainder when r is divided by 4.
0
Suppose -3*z = -3*b + 4*b - 7, -2*b - 4*z = -10. Suppose 0 = c - 7*m + 3*m + b, 3*c = -m + 49. What is the remainder when c is divided by (-2)/(-1) + 6 + 0?
7
Let c = 2 + -1. Suppose -b + 127 = 4*t, 0 = b + c. What is the remainder when t is divided by 3 - 42/(-3)*1?
15
Let f(b) = -b**3 - b**2 - b + 6. Suppose -4*m = m + 2*g - 6, 0 = 4*m + 3*g - 9. What is the remainder when 9 is divided by f(m)?
3
Let t be (-20)/(-90) + 142*22/36. Calculate the remainder when -1*(-5 - -2)*t/9 is divided by 8.
5
Let a = 671 + -953. Let r = -200 - a. What is the remainder when r is divided by 21?
19
Suppose 5*i - 22*c = -26*c + 122, -5*i = -3*c - 136. What is the remainder when 672 is divided by i?
22
Let v(m) = -6*m + 5. Let s be v(-5). Suppose 4*o = -s - 13. Let j = 20 + o. Calculate the remainder when 29 is divided by j.
5
Let q(v) = 13*v - 281. What is the remainder when q(22) is divided by 3?
2
Suppose 0 = -0*l - 10*l + 50. What is the remainder when 6 is divided by l?
1
Suppose 2*k = -8, 0 = 4*t + 4*k + 117 - 905. Calculate the remainder when t is divided by 51.
48
Suppose 5*a - 356 = -x, 281 = 4*a - x - 2*x. Let v = -59 + a. What is the remainder when 22 is divided by v?
10
Calculate the remainder when 186 is divided by 19/(-2)*(-4)/6*3.
15
Let a = -16 + 19. Suppose -88 = -5*f + a*c, -4*f = c - 82 - 2. What is the remainder when 58 is divided by f?
18
Let g(j) = j**2 - 2*j - 1. Let o be (-3 - (1 - 5))*0. Suppose -u = -4 - o. Calculate the remainder when g(4) is divided by u.
3
Let w(m) be the second derivative of m**4/12 + m**3 + 29*m**2/2 + 23*m. What is the remainder when 178 is divided by w(-8)?
43
Suppose -10*o + 9*o = 0. Suppose -3*q + q + 27 = -3*z, o = -5*z - 15. Calculate the remainder when -60*(q/(-2) + 3) is divided by 31.
28
Suppose 6*y + 30 = 330. Suppose -3*o = -o - y. What is the remainder when 98 is divided by o?
23
Let g = -285 + 750. What is the remainder when g is divided by 26?
23
Let m(x) = -45*x - 5. Let o be m(9). Let p be 2/7 + o/(-35). Let q = 10 + p. Calculate the remainder when q is divided by 6.
4
Let x(m) = -9*m - 3. Suppose 2*s + 6 = -s. What is the remainder when x(-3) is divided by (s/1)/((-12)/54)?
6
Suppose -5 = -5*n, 0 = -m - n + 2*n + 21. What is the remainder when (((-9)/3 + 1)*-43)/2 is divided by m?
21
Suppose -10*l + 12*l + 3*g = 146, 5*g - 146 = -2*l. Calculate the remainder when l is divided by 12.
1
Let k be (-2)/8 - (-46)/(-8). Let q = -18 - k. What is the remainder when (-2)/q - 917/(-42) is divided by 8?
6
Let d = 9 - 6. Let k be (-3 - -3) + d - 1. Suppose -m + o + 2*o = -24, k*m - 2*o = 40. What is the remainder when 33 is divided by m?
15
Let r(g) = g**2 - 2*g. Let f = -8 - -3. Let d = 3 + f. What is the remainder when r(d) is divided by 3?
2
Let v = -26 - -45. Let f = 142 + -139. Let s = v - f. Calculate the remainder when 46 is divided by s.
14
What is the remainder when 2/10 + (-4 - (-1408)/10) is divided by 28?
25
Suppose 395 = -6*s + 437. Let b(y) = 14*y**2 - 1. What is the remainder when b(-2) is divided by